{"id":4,"date":"2015-01-06T19:30:56","date_gmt":"2015-01-06T19:30:56","guid":{"rendered":"http:\/\/100prozent-band.de\/?page_id=4"},"modified":"2020-01-21T14:08:28","modified_gmt":"2020-01-21T14:08:28","slug":"ueber-uns","status":"publish","type":"page","link":"https:\/\/100prozent-band.de\/?page_id=4","title":{"rendered":"\u00dcber uns"},"content":{"rendered":"\t\t<div data-elementor-type=\"wp-page\" data-elementor-id=\"4\" class=\"elementor elementor-4\">\n\t\t\t\t\t\t<div class=\"elementor-inner\">\n\t\t\t\t<div class=\"elementor-section-wrap\">\n\t\t\t\t\t\t\t\t\t<section class=\"elementor-section elementor-top-section elementor-element elementor-element-1034f82b elementor-section-boxed elementor-section-height-default elementor-section-height-default\" data-id=\"1034f82b\" data-element_type=\"section\">\n\t\t\t\t\t\t<div class=\"elementor-container elementor-column-gap-default\">\n\t\t\t\t\t\t\t<div class=\"elementor-row\">\n\t\t\t\t\t<div class=\"elementor-column elementor-col-100 elementor-top-column elementor-element elementor-element-ce56029\" data-id=\"ce56029\" data-element_type=\"column\">\n\t\t\t<div class=\"elementor-column-wrap elementor-element-populated\">\n\t\t\t\t\t\t\t<div class=\"elementor-widget-wrap\">\n\t\t\t\t\t\t<div class=\"elementor-element elementor-element-1d7f4ce elementor-widget elementor-widget-heading\" data-id=\"1d7f4ce\" data-element_type=\"widget\" data-widget_type=\"heading.default\">\n\t\t\t\t<div class=\"elementor-widget-container\">\n\t\t\t<h2 class=\"elementor-heading-title elementor-size-default\">\u00dcber uns<\/h2>\t\t<\/div>\n\t\t\t\t<\/div>\n\t\t\t\t\t\t<\/div>\n\t\t\t\t\t<\/div>\n\t\t<\/div>\n\t\t\t\t\t\t\t\t<\/div>\n\t\t\t\t\t<\/div>\n\t\t<\/section>\n\t\t\t\t<section class=\"elementor-section elementor-top-section elementor-element elementor-element-45c6b28 elementor-section-boxed elementor-section-height-default elementor-section-height-default\" data-id=\"45c6b28\" data-element_type=\"section\">\n\t\t\t\t\t\t<div class=\"elementor-container elementor-column-gap-default\">\n\t\t\t\t\t\t\t<div class=\"elementor-row\">\n\t\t\t\t\t<div class=\"elementor-column elementor-col-100 elementor-top-column elementor-element elementor-element-516fd09\" data-id=\"516fd09\" data-element_type=\"column\">\n\t\t\t<div class=\"elementor-column-wrap elementor-element-populated\">\n\t\t\t\t\t\t\t<div class=\"elementor-widget-wrap\">\n\t\t\t\t\t\t<div class=\"elementor-element elementor-element-095d5a4 elementor-widget elementor-widget-text-editor\" data-id=\"095d5a4\" data-element_type=\"widget\" data-widget_type=\"text-editor.default\">\n\t\t\t\t<div class=\"elementor-widget-container\">\n\t\t\t\t\t\t\t\t<div class=\"elementor-text-editor elementor-clearfix\">\n\t\t\t\t<p><span style=\"font-size: 19.600000381469727px; font-variant-caps: normal; letter-spacing: -0.3px;\">Wir, das Duo &#8220;<\/span><span style=\"font-size: 19.600000381469727px; font-variant-caps: normal; letter-spacing: -0.3px;\">100 Prozent<\/span><span style=\"font-variant-caps: normal; caret-color: #333333;\"><span style=\"color: #333333; font-family: Source Sans Pro, Tahoma, Lucida Grande, Calibri, Helvetica Neue, Helvetica, DejaVu Sans, Arial, sans-serif; font-size: large;\">&#8220;<\/span><\/span><span style=\"font-size: 19.600000381469727px; font-variant-caps: normal; letter-spacing: -0.3px;\">\u00a0haben uns im musikalischen Rahmen kennen- und dabei lieben gelernt. Musik verbindet uns also seit der ersten Sekunde und wir genie\u00dfen\u00a0<\/span><span style=\"font-size: 19.600000381469727px; font-variant-caps: normal; letter-spacing: -0.3px;\">es, diese\u00a0Leidenschaft gemeinsam zu teilen.\u00a0<\/span><\/p><p><span style=\"font-variant-caps: normal;\">Gl\u00fccklicherweise d\u00fcrfen wir unsere Liebe zur Musik auch in unseren beruflichen Alltag\u00a0<\/span><span style=\"font-size: 19.600000381469727px; font-variant-caps: normal;\">integrieren: Daniel arbeitet als studierter Trompeter im Luftwaffenmusikkorps der\u00a0Bundeswehr und liebt es,\u00a0die verschiedensten\u00a0Stilrichtungen zu interpretieren. Carmen ist\u00a0gl\u00fccklich als Grundschullehrerin mit dem studierten Fach Musikp\u00e4dagogik (Hauptfach\u00a0Klavier, Nebenfach Gesang) ihre pers\u00f6nliche Leidenschaft auch Kindern im Rahmen des\u00a0Musikunterrichts, sowie der Chor-und Musicalarbeit weitergeben zu k\u00f6nnen. \u00a0 \u00a0 \u00a0 \u00a0 \u00a0\u00a0<\/span><\/p><p><span style=\"font-size: 19.600000381469727px; font-variant-caps: normal;\">Wir freuen uns mit Menschen in Kontakt zu treten und sind zwei sehr offene, herzliche\u00a0Menschen, denen ein wertsch\u00e4tzender Umgang miteinander besonders am Herzen liegt.<\/span><\/p>\t\t\t\t\t<\/div>\n\t\t\t\t\t\t<\/div>\n\t\t\t\t<\/div>\n\t\t\t\t\t\t<\/div>\n\t\t\t\t\t<\/div>\n\t\t<\/div>\n\t\t\t\t\t\t\t\t<\/div>\n\t\t\t\t\t<\/div>\n\t\t<\/section>\n\t\t\t\t<section class=\"elementor-section elementor-top-section elementor-element elementor-element-0e16fc6 elementor-section-boxed elementor-section-height-default elementor-section-height-default\" data-id=\"0e16fc6\" data-element_type=\"section\">\n\t\t\t\t\t\t<div class=\"elementor-container elementor-column-gap-default\">\n\t\t\t\t\t\t\t<div class=\"elementor-row\">\n\t\t\t\t\t<div class=\"elementor-column elementor-col-100 elementor-top-column elementor-element elementor-element-f2a583c\" data-id=\"f2a583c\" data-element_type=\"column\">\n\t\t\t<div class=\"elementor-column-wrap elementor-element-populated\">\n\t\t\t\t\t\t\t<div class=\"elementor-widget-wrap\">\n\t\t\t\t\t\t<div class=\"elementor-element elementor-element-121b4e8 elementor-arrows-position-inside elementor-pagination-position-outside elementor-widget elementor-widget-image-carousel\" data-id=\"121b4e8\" data-element_type=\"widget\" data-settings=\"{&quot;navigation&quot;:&quot;both&quot;,&quot;autoplay&quot;:&quot;yes&quot;,&quot;pause_on_hover&quot;:&quot;yes&quot;,&quot;pause_on_interaction&quot;:&quot;yes&quot;,&quot;autoplay_speed&quot;:5000,&quot;infinite&quot;:&quot;yes&quot;,&quot;speed&quot;:500}\" data-widget_type=\"image-carousel.default\">\n\t\t\t\t<div class=\"elementor-widget-container\">\n\t\t\t\t\t<div class=\"elementor-image-carousel-wrapper swiper-container\" dir=\"ltr\">\n\t\t\t<div class=\"elementor-image-carousel swiper-wrapper\">\n\t\t\t\t\t\t\t\t<div class=\"swiper-slide\"><figure class=\"swiper-slide-inner\"><img decoding=\"async\" class=\"swiper-slide-image\" src=\"https:\/\/100prozent-band.de\/wp-content\/uploads\/2020\/01\/2389d310-321f-46a8-9d35-7746106254ce-768x513.jpg\" alt=\"2389d310-321f-46a8-9d35-7746106254ce\" \/><\/figure><\/div><div class=\"swiper-slide\"><figure class=\"swiper-slide-inner\"><img decoding=\"async\" class=\"swiper-slide-image\" src=\"https:\/\/100prozent-band.de\/wp-content\/uploads\/2020\/01\/46f63790-3e3e-4b33-b599-9bb12797e870-768x513.jpg\" alt=\"46f63790-3e3e-4b33-b599-9bb12797e870\" \/><\/figure><\/div><div class=\"swiper-slide\"><figure class=\"swiper-slide-inner\"><img decoding=\"async\" class=\"swiper-slide-image\" src=\"https:\/\/100prozent-band.de\/wp-content\/uploads\/2018\/08\/37373921_2014904838540743_2703800724512309248_n-768x512.jpg\" alt=\"37373921_2014904838540743_2703800724512309248_n\" \/><\/figure><\/div><div class=\"swiper-slide\"><figure class=\"swiper-slide-inner\"><img decoding=\"async\" class=\"swiper-slide-image\" src=\"https:\/\/100prozent-band.de\/wp-content\/uploads\/2018\/08\/IMG_2655-768x512.jpg\" alt=\"IMG_2655\" \/><\/figure><\/div>\t\t\t<\/div>\n\t\t\t\t\t\t\t\t\t\t\t\t<div class=\"swiper-pagination\"><\/div>\n\t\t\t\t\t\t\t\t\t\t\t\t\t<div class=\"elementor-swiper-button elementor-swiper-button-prev\">\n\t\t\t\t\t\t<i aria-hidden=\"true\" class=\"eicon-chevron-left\"><\/i>\t\t\t\t\t\t<span class=\"elementor-screen-only\">Zur\u00fcck<\/span>\n\t\t\t\t\t<\/div>\n\t\t\t\t\t<div class=\"elementor-swiper-button elementor-swiper-button-next\">\n\t\t\t\t\t\t<i aria-hidden=\"true\" class=\"eicon-chevron-right\"><\/i>\t\t\t\t\t\t<span class=\"elementor-screen-only\">Weiter<\/span>\n\t\t\t\t\t<\/div>\n\t\t\t\t\t\t\t\t\t<\/div>\n\t\t\t\t<\/div>\n\t\t\t\t<\/div>\n\t\t\t\t\t\t<\/div>\n\t\t\t\t\t<\/div>\n\t\t<\/div>\n\t\t\t\t\t\t\t\t<\/div>\n\t\t\t\t\t<\/div>\n\t\t<\/section>\n\t\t\t\t\t\t\t\t\t<\/div>\n\t\t\t<\/div>\n\t\t\t\t\t<\/div>\n\t\t","protected":false},"excerpt":{"rendered":"<p>\u00dcber uns Wir, das Duo &#8220;100 Prozent&#8221;&nbsp;haben uns im musikalischen Rahmen kennen- und dabei lieben gelernt. Musik verbindet uns also seit der ersten Sekunde und wir genie\u00dfen&nbsp;es, diese&nbsp;Leidenschaft gemeinsam zu teilen.&nbsp; Gl\u00fccklicherweise d\u00fcrfen wir unsere Liebe zur Musik auch in unseren beruflichen Alltag&nbsp;integrieren: Daniel arbeitet als studierter Trompeter im Luftwaffenmusikkorps der&nbsp;Bundeswehr und liebt es,&nbsp;die verschiedensten&nbsp;Stilrichtungen [&hellip;]<\/p>\n","protected":false},"author":1,"featured_media":0,"parent":0,"menu_order":10,"comment_status":"closed","ping_status":"closed","template":"","meta":[],"_links":{"self":[{"href":"https:\/\/100prozent-band.de\/index.php?rest_route=\/wp\/v2\/pages\/4"}],"collection":[{"href":"https:\/\/100prozent-band.de\/index.php?rest_route=\/wp\/v2\/pages"}],"about":[{"href":"https:\/\/100prozent-band.de\/index.php?rest_route=\/wp\/v2\/types\/page"}],"author":[{"embeddable":true,"href":"https:\/\/100prozent-band.de\/index.php?rest_route=\/wp\/v2\/users\/1"}],"replies":[{"embeddable":true,"href":"https:\/\/100prozent-band.de\/index.php?rest_route=%2Fwp%2Fv2%2Fcomments&post=4"}],"version-history":[{"count":38,"href":"https:\/\/100prozent-band.de\/index.php?rest_route=\/wp\/v2\/pages\/4\/revisions"}],"predecessor-version":[{"id":407,"href":"https:\/\/100prozent-band.de\/index.php?rest_route=\/wp\/v2\/pages\/4\/revisions\/407"}],"wp:attachment":[{"href":"https:\/\/100prozent-band.de\/index.php?rest_route=%2Fwp%2Fv2%2Fmedia&parent=4"}],"curies":[{"name":"wp","href":"https:\/\/api.w.org\/{rel}","templated":true}]}}